is 120 + -302103020?
-302102300
In base 16, what is 8397 - 2?
8395
In base 16, what is -11 - 4c4?
-4d5
In base 4, what is -10 + -232110120?
-232110130
In base 15, what is 5 - -3d88?
3d8d
In base 16, what is -7 + ad20?
ad19
In base 9, what is -507162 + 0?
-507162
In base 14, what is 1c + 3218?
3236
In base 3, what is 11 - 100121111020?
-100121111002
In base 16, what is -26 - -12c?
106
In base 5, what is 444 - 1042?
-43
In base 14, what is -3 + 355ad?
355aa
In base 3, what is 12102220 - 1102?
12101111
In base 7, what is 5 - -101213?
101221
In base 10, what is -14641 - 0?
-14641
In base 4, what is 10 - -1031201?
1031211
In base 14, what is 24a72 + -4?
24a6c
In base 16, what is -3d - -1b1?
174
In base 16, what is 56 + -11?
45
In base 14, what is -5c50 + 1?
-5c4d
In base 14, what is 50b62 - -4?
50b66
In base 2, what is -1010110110101 - -1011011?
-1010101011010
In base 12, what is -153 - 217?
-36a
In base 2, what is -1111010111 + 1000111?
-1110010000
In base 13, what is -4 - -306b83?
306b7c
In base 6, what is -21311 - 335?
-22050
In base 9, what is -1646 + -31?
-1677
In base 7, what is -2 + -4661362?
-4661364
In base 8, what is -1 - -100353?
100352
In base 14, what is -32 - 1242?
-1274
In base 16, what is -1a1 + 15c9?
1428
In base 2, what is 1001110001 + -101100010?
100001111
In base 3, what is 10201 + -200202?
-120001
In base 15, what is 38ea5 + 0?
38ea5
In base 6, what is -4 - 133523?
-133531
In base 11, what is 0 + 77740?
77740
In base 14, what is -48a488 - -1?
-48a487
In base 13, what is 2 + -203427?
-203425
In base 12, what is -11b - -8081?
7b62
In base 3, what is -11220210111 - -1001?
-11220202110
In base 10, what is -12 - -115287?
115275
In base 9, what is -17757 - -24?
-17733
In base 15, what is 816de + -5?
816d9
In base 8, what is 27403 - 21?
27362
In base 2, what is 101 - 1101011010000?
-1101011001011
In base 11, what is 13 - -4a78?
4a90
In base 7, what is -16404 + 25?
-16346
In base 6, what is 103251 - 11?
103240
In base 5, what is 13 + -432133?
-432120
In base 13, what is 50199 - 4?
50195
In base 3, what is 12 + 1201001110?
1201001122
In base 6, what is -22101 + 1?
-22100
In base 5, what is 1013 - -410113?
411131
In base 15, what is -105b6 - -1a?
-1059b
In base 5, what is 1400 + 222222?
224122
In base 6, what is -1 + 1114155?
1114154
In base 3, what is 20100 - -111?
20211
In base 4, what is 11 + -13220102?
-13220031
In base 3, what is 1 + 10002012?
10002020
In base 9, what is 13211 + 4?
13215
In base 3, what is 1121 - 211112?
-202221
In base 13, what is 123 + 76?
199
In base 8, what is 71 - 1361?
-1270
In base 2, what is -1010001 + -1000101101011111?
-1000101110110000
In base 8, what is 263 + -6773?
-6510
In base 11, what is 16930 - 73?
16868
In base 16, what is -a5 - -222?
17d
In base 11, what is -10500 + -4?
-10504
In base 9, what is -755530 - -1?
-755528
In base 5, what is -2 - -2214224?
2214222
In base 12, what is -3 + -119aa1?
-119aa4
In base 11, what is -900081 - 2?
-900083
In base 12, what is 2425586 + 2?
2425588
In base 12, what is -124 - 4b47?
-506b
In base 10, what is -2963 - -20?
-2943
In base 6, what is 33512545 + -2?
33512543
In base 15, what is 15 - -288ae?
288c4
In base 2, what is -100111 + 1111001110001?
1111001001010
In base 15, what is -520 - -46?
-4c9
In base 2, what is 101001101 + 1010010?
110011111
In base 12, what is -13 + -109?
-120
In base 15, what is 166 + -1?
165
In base 14, what is 15a + 290?
40a
In base 12, what is 5 - -4528?
4531
In base 16, what is eb509 - 0?
eb509
In base 5, what is 12221310 - -10?
12221320
In base 13, what is 18a - -211?
39b
In base 14, what is 48 + 671?
6b9
In base 3, what is -100001100121 - 2?
-100001100200
In base 7, what is 11214642 - -3?
11214645
In base 10, what is 100 - -311?
411
In base 7, what is -161240 + -263?
-161533
In base 4, what is 21031213 - 22?
21031131
In base 13, what is -15979 + 20?
-15959
In base 12, what is 454 - -89?
521
In base 7, what is -145362 - 3?
-145365
In base 9, what is 5 - -12267?
12273
In base 14, what is b - 532?
-525
In base 6, what is -3 + 1531123?
1531120
In base 10, what is -38559 - 18?
-38577
In base 13, what is -3c818 - -1?
-3c817
In base 7, what is 353 - 4635?
-4252
In base 3, what is 12112 + 10210210?
11000022
In base 13, what is -773 - 0?
-773
In base 13, what is -222 - -39?
-1b6
In base 4, what is 3 - 23202311?
-23202302
In base 11, what is -20970 + 0?
-20970
In base 10, what is 39227 - 0?
39227
In base 9, what is 183460 - 4?
183455
In base 16, what is -e02 - 1?
-e03
In base 13, what is 3 - -79bb9?
79bbc
In base 16, what is b + 964a?
9655
In base 16, what is -2 - -eb8?
eb6
In base 9, what is -632 - -1211?
468
In base 13, what is 4b9 + -17?
4a2
In base 3, what is -1111 + -2220?
-11101
In base 2, what is 0 - 1000111000000001001?
-1000111000000001001
In base 14, what is -6757 - -6?
-6751
In base 2, what is -1100000010 + -1?
-1100000011
In base 13, what is -1289b + -56?
-12924
In base 9, what is 17 + -2313?
-2285
In base 9, what is -4087 - 0?
-4087
In base 8, what is -4 + 107563?
107557
In base 3, what is 112 + 202101200122?
202101201011
In base 10, what is -13804 + 2?
-13802
In base 14, what is -5b3b - -4?
-5b37
In base 8, what is -42346 + -120?
-42466
In base 16, what is -3452 + -8?
-345a
In base 14, what is 5 - 21d66?
-21d61
In base 4, what is -10 + -10010103?
-10010113
In base 12, what is 10187 + -4?
10183
In base 2, what is 0 - 1101001100011001101?
-1101001100011001101
In base 14, what is 4 - -50ac?
50b2
In base 11, what is 884154 - 5?
88414a
In base 12, what is 8 - -3946?
3952
In base 5, what is -11 + -11244310?
-11244321
In base 13, what is 23 - -126?
149
In base 8, what is -5346552 + -1?
-5346553
In base 5, what is 10031420 + 3?
10031423
In base 3, what is -11 - -21012221222?
21012221211
In base 8, what is 5 - -1101443?
1101450
In base 13, what is -5 - -1554a?
15545
In base 7, what is -265040 + 4?
-265033
In base 6, what is 20134 - -12515?
33053
In base 8, what is -1544 + 21?
-1523
In base 3, what is 11101220 + -120120?
10211100
In base 2, what is -1010001 - -101011111110?
101010101101
In base 5, what is 2 + -130111430?
-130111423
In base 6, what is 3213 + -15?
3154
In base 2, what is -1000000 - 101000011100?
-101001011100
In base 10, what is -411 - -284?
-127
In base 3, what is 200120 + 111102?
1011222
In base 16, what is -7 - -6426?
641f
In base 9, what is -2031 - -1257?
-663
In base 3, what is -2220020 + 1102?
-2211211
In base 12, what is -29b97 + -2?
-29b99
In base 9, what is -235 + -17212?
-17447
In base 11, what is 2 - -5922?
5924
In base 4, what is 22112110 + -131?
22111313
In base 16, what is -617 + -46?
-65d
In base 13, what is 29a265 + 2?
29a267
In base 5, what is 21430 - -41?
22021
In base 16, what is -3 + -88c0?
-88c3
In base 12, what is -25380 + 3?
-25379
In base 10, what is 4 - -930896?
930900
In base 3, what is 102 - 21000200?
-21000021
In base 6, what is 5551 + 1421?
11412
In base 6, what is 5500 - 153?
5303
In base 7, what is 55540 + 5?
55545
In base 14, what is -b + 12c0b?
12c00
In base 6, what is 2 + -55244?
-55242
In base 2, what is -10010101000000110101 + -111?
-10010101000000111100
In base 16, what is -14714 + -3?
-14717
In base 13, what is 5102 - a7?
5028
In base 11, what is -4 + 983a14?
983a10
In base 5, what is 121403 + -10?
121343
In base 16, what is 4d5 - 2f?
4a6
In base 14, what is 4a58 + 13?
4a6b
In base 10, what is -33545 - 3?
-33548
In base 14, what is -5d - -1c0d?
1b90
In base 4, what is -102312 + -10?
-102322
In base 10, what is -14491 + 0?
-14491
In base 16, what is 373e - 5b?
36e3
In base 4, what is -1333 - 301?
-2300
In base 9, what is -1743086 + 1?
-1743085
In base 9, what is -26 + 520?
483
In base 8, what is 213 - 1366?
-1153
In base 11, what is -2 + 90939?
90937
In base 8, what is -12255 + -23?
-12300
In base 11, what is 7a20 - -103?
8023
In base 15, what is 9 + 77?
81
In base 3, what is 10101021 + 1211?
10110002
In base 13, what is 5 + -5b10?
-5b08
In base 11, what is -3 + 14288?
14285
In base 6, what is -124211052 + 3?
-124211045
In base 13, what is -a9 + -714?
-7c0
In base 2, what is -1001100 + -1001001011?
-1010010111
In base 15, what is -48 + -3?
-4b
In base 5, what is 12311221 - -4?
12311230
In base 12, what is 5 + -15948?
-15943
In base 5, what is -300 + 2224?
1424
In base 3, what is -10220